igit of 904771?
4
What is the tens digit of 63953?
5
What is the hundred thousands digit of 18492864?
4
What is the ten millions digit of 20186938?
2
What is the tens digit of 13156?
5
What is the thousands digit of 3750429?
0
What is the thousands digit of 1823382?
3
What is the tens digit of 3931109?
0
What is the millions digit of 17541393?
7
What is the hundred thousands digit of 198373?
1
What is the units digit of 201405?
5
What is the thousands digit of 294964?
4
What is the tens digit of 1212083?
8
What is the units digit of 3191507?
7
What is the hundred thousands digit of 870065?
8
What is the hundred thousands digit of 1246716?
2
What is the thousands digit of 519789?
9
What is the thousands digit of 98051?
8
What is the units digit of 22530704?
4
What is the hundreds digit of 58126?
1
What is the units digit of 5578266?
6
What is the hundreds digit of 7207640?
6
What is the units digit of 5176116?
6
What is the ten thousands digit of 85375?
8
What is the thousands digit of 1960709?
0
What is the ten thousands digit of 1760435?
6
What is the hundreds digit of 42723495?
4
What is the thousands digit of 3862452?
2
What is the hundreds digit of 4064006?
0
What is the hundreds digit of 84497?
4
What is the ten thousands digit of 2725649?
2
What is the hundred thousands digit of 1767001?
7
What is the hundreds digit of 1639187?
1
What is the hundred thousands digit of 181974?
1
What is the millions digit of 1660447?
1
What is the hundred thousands digit of 157388?
1
What is the units digit of 117978?
8
What is the units digit of 11882173?
3
What is the ten thousands digit of 1702390?
0
What is the hundreds digit of 12882488?
4
What is the hundreds digit of 1631392?
3
What is the units digit of 268040?
0
What is the hundred thousands digit of 826197?
8
What is the ten thousands digit of 212454?
1
What is the hundreds digit of 2553573?
5
What is the hundred thousands digit of 1323048?
3
What is the ten thousands digit of 10931918?
3
What is the thousands digit of 836725?
6
What is the ten thousands digit of 6026068?
2
What is the hundred thousands digit of 1073980?
0
What is the ten thousands digit of 2815258?
1
What is the thousands digit of 225591?
5
What is the units digit of 919325?
5
What is the thousands digit of 194559?
4
What is the ten thousands digit of 23030?
2
What is the units digit of 1372325?
5
What is the millions digit of 4430557?
4
What is the ten thousands digit of 2248378?
4
What is the ten thousands digit of 653667?
5
What is the millions digit of 8072572?
8
What is the ten thousands digit of 7449966?
4
What is the tens digit of 2351748?
4
What is the tens digit of 8876154?
5
What is the hundreds digit of 1561502?
5
What is the units digit of 1047573?
3
What is the ten thousands digit of 226812?
2
What is the ten millions digit of 17642591?
1
What is the hundreds digit of 2355528?
5
What is the hundred thousands digit of 1210690?
2
What is the units digit of 256997?
7
What is the hundreds digit of 10138381?
3
What is the thousands digit of 676860?
6
What is the units digit of 364989?
9
What is the hundred thousands digit of 215816?
2
What is the ten thousands digit of 333950?
3
What is the hundreds digit of 3954036?
0
What is the units digit of 3298?
8
What is the ten thousands digit of 5717033?
1
What is the hundreds digit of 10755267?
2
What is the units digit of 2243048?
8
What is the thousands digit of 1358537?
8
What is the hundreds digit of 2357156?
1
What is the hundreds digit of 258471?
4
What is the thousands digit of 5327312?
7
What is the ten thousands digit of 361154?
6
What is the units digit of 2408895?
5
What is the tens digit of 138628?
2
What is the units digit of 3655?
5
What is the hundred thousands digit of 2191731?
1
What is the units digit of 127992?
2
What is the hundred thousands digit of 257639?
2
What is the units digit of 364970?
0
What is the hundreds digit of 1086059?
0
What is the hundred thousands digit of 2321999?
3
What is the ten thousands digit of 91642?
9
What is the thousands digit of 150511?
0
What is the tens digit of 4891561?
6
What is the thousands digit of 49944?
9
What is the ten thousands digit of 3703726?
0
What is the hundred thousands digit of 220352?
2
What is the hundreds digit of 6041841?
8
What is the ten thousands digit of 5230577?
3
What is the units digit of 11574804?
4
What is the hundred thousands digit of 1403002?
4
What is the thousands digit of 155247?
5
What is the hundred thousands digit of 1992961?
9
What is the hundreds digit of 483700?
7
What is the hundreds digit of 704300?
3
What is the ten thousands digit of 967196?
6
What is the hundred thousands digit of 4193717?
1
What is the hundreds digit of 528797?
7
What is the hundred thousands digit of 358756?
3
What is the hundreds digit of 211979?
9
What is the thousands digit of 263771?
3
What is the thousands digit of 324422?
4
What is the hundred thousands digit of 14228188?
2
What is the units digit of 180042?
2
What is the tens digit of 19082295?
9
What is the units digit of 34442046?
6
What is the thousands digit of 236831?
6
What is the tens digit of 1301959?
5
What is the hundred thousands digit of 2311338?
3
What is the hundreds digit of 10111471?
4
What is the hundred thousands digit of 1016536?
0
What is the hundreds digit of 3979524?
5
What is the units digit of 12250?
0
What is the units digit of 191617?
7
What is the ten millions digit of 20469721?
2
What is the thousands digit of 168953?
8
What is the ten thousands digit of 15201882?
0
What is the units digit of 14781167?
7
What is the ten thousands digit of 277798?
7
What is the units digit of 485498?
8
What is the hundred thousands digit of 1573307?
5
What is the hundred thousands digit of 4093554?
0
What is the units digit of 364660?
0
What is the thousands digit of 1003672?
3
What is the units digit of 32453?
3
What is the ten millions digit of 13207962?
1
What is the hundreds digit of 6451211?
2
What is the hundred thousands digit of 216452?
2
What is the units digit of 6841045?
5
What is the ten thousands digit of 17671?
1
What is the tens digit of 242018?
1
What is the millions digit of 1558992?
1
What is the thousands digit of 40424970?
4
What is the tens digit of 877735?
3
What is the hundreds digit of 208148?
1
What is the ten thousands digit of 1961695?
6
What is the ten thousands digit of 950570?
5
What is the units digit of 9159447?
7
What is the tens digit of 8695820?
2
What is the ten thousands digit of 2332864?
3
What is the hundred thousands digit of 358389?
3
What is the hundred thousands digit of 437810?
4
What is the hundreds digit of 304478?
4
What is the hundred thousands digit of 213146?
2
What is the units digit of 1410824?
4
What is the ten thousands digit of 150142?
5
What is the tens digit of 2755056?
5
What is the ten thousands digit of 9641183?
4
What is the ten thousands digit of 3505249?
0
What is the hundred thousands digit of 107916?
1
What is the ten thousands digit of 6587521?
8
What is the thousands digit of 1735682?
5
What is the millions digit of 1336730?
1
What is the tens digit of 738873?
7
What is the tens digit of 1688577?
7
What is the ten thousands digit of 7734208?
3
What is the ten thousands digit of 89592?
8
What is the tens digit of 740497?
9
What is the hundreds digit of 336630?
6
What is the ten thousands digit of 1511276?
1
What is the hundreds digit of 4976416?
4
What is the thousands digit of 7508132?
8
What is the units digit of 5473960?
0
What is the units digit of 332150?
0
What is the hundred thousands digit of 2317959?
3
What is the units digit of 341758?
8
What is the hundreds digit of 765859?
8
What is the hundreds digit of 7992?
9
What is the ten thousands digit of 463748?
6
What is the hundred thousands digit of 2912951?
9
What is the ten thousands digit of 580479?
8
What is the millions digit of 9091679?
9
What is the ten thousands digit of 147563?
4
What is the hundreds digit of 72091?
0
What is the tens digit of 22864?
6
What is the tens digit of 657389?
8
What is the millions digit of 7351403?
7
What is the tens digit of 616949?
4
What is the tens digit of 166612?
1
What is the ten thousands digit of 4007535?
0
What is the ten thousands digit of 239196?
3
What is the units d